te?
False
Is 29295319 a composite number?
True
Is 4836021 a composite number?
True
Is 144991993 prime?
True
Is 233473 a prime number?
False
Is 17397609 a composite number?
True
Is 157144739 composite?
True
Is 590377 a prime number?
True
Is 60589 a prime number?
True
Is 125370731 composite?
False
Is 16385891 prime?
True
Is 4135429 a prime number?
False
Is 9658799 a prime number?
False
Is 25801973 a prime number?
True
Is 51620897 composite?
False
Is 9685154 composite?
True
Is 9863129 composite?
False
Is 96539837 a composite number?
False
Is 1996277 a composite number?
False
Is 1292933 a prime number?
False
Is 7754255 a prime number?
False
Is 535754123 a prime number?
True
Is 7701103 composite?
False
Is 1351781 prime?
True
Is 48605297 a prime number?
False
Is 4132001 composite?
False
Is 54552731 composite?
False
Is 247710271 a composite number?
False
Is 9795833 a composite number?
True
Is 114178171 a prime number?
False
Is 79394701 a composite number?
False
Is 230511353 composite?
False
Is 372991 a composite number?
True
Is 159645587 composite?
False
Is 160983427 a composite number?
True
Is 14472767 composite?
True
Is 86296507 a prime number?
False
Is 6503 a composite number?
True
Is 171002551 a composite number?
False
Is 34554341 prime?
False
Is 415344214 a composite number?
True
Is 1106353 a composite number?
True
Is 54480521 prime?
True
Is 225103297 a composite number?
True
Is 35459639 composite?
False
Is 87435451 composite?
False
Is 6202099 a prime number?
False
Is 3554071 a prime number?
False
Is 464232253 a prime number?
False
Is 861293 composite?
False
Is 1409579 composite?
False
Is 37211129 a prime number?
False
Is 74858611 a composite number?
False
Is 99184831 composite?
False
Is 9546623 a composite number?
True
Is 2002769 a prime number?
False
Is 41125069 prime?
False
Is 46519139 composite?
False
Is 3047071 composite?
False
Is 1017277 prime?
True
Is 51653393 prime?
False
Is 13052245 a prime number?
False
Is 115992161 a composite number?
False
Is 7465643 a prime number?
False
Is 118334129 a composite number?
False
Is 17614277 a composite number?
False
Is 317194777 composite?
False
Is 47433469 a composite number?
False
Is 310273 a prime number?
True
Is 6680921 composite?
True
Is 14286247 prime?
True
Is 25513081 prime?
False
Is 121895191 composite?
True
Is 170625842 a prime number?
False
Is 65329853 a composite number?
False
Is 4726621 prime?
False
Is 168136226 a prime number?
False
Is 11998103 a prime number?
False
Is 123055 composite?
True
Is 4157603 composite?
False
Is 1796219 composite?
False
Is 5993089 a prime number?
True
Is 29484959 a prime number?
False
Is 21534199 a composite number?
False
Is 348540889 a prime number?
False
Is 1267933 composite?
False
Is 12691957 prime?
True
Is 967289 a composite number?
False
Is 308129 a composite number?
False
Is 57545409 prime?
False
Is 5465039 a composite number?
False
Is 881207 composite?
False
Is 23988767 a prime number?
False
Is 1009313053 prime?
False
Is 2626727 composite?
False
Is 25221653 composite?
False
Is 279749287 prime?
False
Is 760583 composite?
True
Is 83287613 prime?
True
Is 11387813 composite?
True
Is 5700073 prime?
True
Is 8155411 a prime number?
False
Is 28157887 composite?
True
Is 38432731 a composite number?
False
Is 1840297 prime?
True
Is 82505209 a prime number?
False
Is 3233851 a prime number?
True
Is 203011 a prime number?
True
Is 470497 composite?
True
Is 9293699 a prime number?
False
Is 510555869 a prime number?
True
Is 1051391 composite?
True
Is 4942877 composite?
False
Is 25846477 composite?
True
Is 24265021 composite?
True
Is 119749627 composite?
False
Is 299009643 a composite number?
True
Is 7506179 a prime number?
True
Is 89195767 composite?
True
Is 44643982 a composite number?
True
Is 37203877 composite?
True
Is 21403 a prime number?
False
Is 17149829 prime?
False
Is 294698051 prime?
True
Is 54967423 a composite number?
True
Is 7707281 a composite number?
True
Is 668069 composite?
False
Is 26292809 a prime number?
False
Is 133725521 prime?
False
Is 2778051 prime?
False
Is 1169249 prime?
True
Is 101042479 a composite number?
True
Is 1165027 prime?
False
Is 6241999 a prime number?
True
Is 8137931 a composite number?
False
Is 588417083 a composite number?
False
Is 1379321 composite?
False
Is 3452489 composite?
True
Is 29976679 a composite number?
True
Is 934621 prime?
False
Is 92188487 prime?
True
Is 16817849 composite?
True
Is 729193 composite?
True
Is 1860643 prime?
True
Is 61683421 a prime number?
True
Is 92657987 composite?
True
Is 282506293 composite?
True
Is 202313 composite?
True
Is 22438817 prime?
True
Is 1509353 composite?
False
Is 8247611 a prime number?
False
Is 349799957 a prime number?
False
Is 10938953 a composite number?
False
Is 101011777 a prime number?
True
Is 78097829 prime?
False
Is 66091097 a prime number?
False
Is 51806509 a composite number?
False
Is 6619507 a composite number?
False
Is 1154837 a composite number?
True
Is 208714091 a composite number?
False
Is 5231033 a prime number?
False
Is 5528869 a prime number?
False
Is 20598469 composite?
True
Is 20920763 a prime number?
True
Is 3931241 a prime number?
True
Is 118114877 composite?
False
Is 982495 a composite number?
True
Is 61170955 a composite number?
True
Is 306361 prime?
False
Is 57169813 a composite number?
True
Is 1315469 a composite number?
True
Is 40883917 composite?
False
Is 145641101 a prime number?
True
Is 1703083 composite?
True
Is 9885647 composite?
False
Is 109911643 a prime number?
True
Is 54531359 a prime number?
False
Is 22987193 prime?
True
Is 6003197 composite?
False
Is 10359753 composite?
True
Is 28587274 a composite number?
True
Is 212289827 composite?
True
Is 9555187 a prime number?
True
Is 108740309 a prime number?
True
Is 7674413 prime?
True
Is 1224338 a prime number?
False
Is 249336853 prime?
True
Is 6344753 prime?
False
Is 9912169 a composite number?
False
Is 3408241 composite?
False
Is 220799567 a prime number?
True
Is 1002341 a prime number?
True
Is 5076919 a composite number?
True
Is 5248993 a prime number?
False
Is 3952243 a prime number?
True
Is 39140743 prime?
True
Is 150016357 a composite number?
False
Is 12223807 a prime number?
False
Is 143436119 a prime number?
False
Is 25586713 a composite number?
False
Is 114163163 composite?
False
Is 25658785 prime?
False
Is 1958431 a prime number?
True
Is 2162987 a prime number?
False
Is 1361273 a prime number?
True
Is 3413755 a composite number?
True
Is 681041 prime?
True
Is 45001933 a composite number?
False
Is 170270059 a prime number?
True
Is 30480509 a composite number?
False
Is 78009577 composite?
True
Is 17166509 prime?
True
Is 5555609 prime?
True
Is 8606581 composite?
True
Is 3739187 a prime number?
True
Is 30371023 composite?
False
Is 12672161 a composite number?
False
Is 384722939 a prime number?
True
Is 25935991 a composite number?
False
Is 931067 composite?
False
Is 572001749 composite?
True
Is 10436513 composite?
True
Is 2563961 prime?
False
Is 789527 prime?
True
Is 88448221 a prime number?
True
Is 8432387 a composite number?
False
Is 2028673 a prime number?
False
Is 17457511 prime?
False
Is 972469 a prime number?
True
Is 2663027 composite?
False
Is 15806491 composite?
True
Is 6887753 composite?
False
Is 209933369 a prime number?
False
Is 97300353 a prime number?
False
Is 3511733 prime?
True
Is 26758271 a prime number?
False
Is 205195631 a composite number?
False
Is 54588191 composite?
True
Is 3873919 a composite number?
True
Is 16957607 composite?
False
Is 8181469 prime?
False
Is 1631951 prime?
True
Is 5834167 a prime number?
True
Is 19779413 a prime number?
False
Is 23778157 a prime number?
False
Is 117925169 prime?
False
Is 924827 prime?
True
Is 597767199 prime?
False
Is 10547279 composite?
False
Is 1280779 a prime number?
False
Is 151270261 a composite number?
True
Is 7790309 composite?
True
Is 237158303 composite?
True
Is 8644418 a composite number?
True
Is 8655331 composite?
False
Is 8595337 composite?
True
Is 20281763 composite?
False
Is 53979007 a prime number?
True
Is 3812197 composite?
True
Is 77509277 composite?
True
Is 4001021 composite?
True
Is 866309 composite?
False
Is 6918683 prime?
False
Is 627000667 a composite number?
False
Is 3350503 composite?
True
Is 1529357 a prime number?
Tr